 33*h + 300. Determine t(-7).
20
Let c(a) = -a**3 + a - 191. What is c(0)?
-191
Let p(w) = -52*w - 204. Give p(-4).
4
Let q(t) = -44*t + 155. Calculate q(5).
-65
Let u(k) = k**2 - 62*k - 382. Give u(65).
-187
Let k(r) = 2*r**2 - 105*r + 493. Give k(48).
61
Let z(h) = 2*h + 33. Give z(13).
59
Let c(m) = -14*m + 137. Give c(10).
-3
Let u(d) = d**3 - 5*d**2 - 46*d + 223. Give u(7).
-1
Let c(t) = 8*t**2 - 178*t + 699. Calculate c(4).
115
Let x(n) = -2*n**2 - 66*n - 96. Give x(-31).
28
Let z(a) = -88*a**2 - 209*a - 208. Calculate z(-1).
-87
Let b(y) = y**3 + 33*y**2 - 984*y - 47. What is b(19)?
29
Let q(k) = -390*k + 7028. What is q(18)?
8
Let s(g) = 2*g**3 - 40*g**2 - 523*g + 12. Determine s(29).
-17
Let n(h) = 2*h**3 - 16*h**2 - 165*h + 1322. Calculate n(8).
2
Let m(a) = -19*a - 374. Calculate m(-37).
329
Let y(i) = -290*i**2 - 3771*i - 16. What is y(-13)?
-3
Let u(c) = -4*c**3 + 255*c**2 + 60*c + 18. Give u(64).
-238
Let b(a) = -a**3 + 106*a**2 + 353*a - 2834. Calculate b(109).
0
Let i(b) = 21*b**2 + 310*b - 53. Give i(-15).
22
Let r(a) = -44*a - 447. What is r(-10)?
-7
Let z(b) = b**2 + 25*b - 490. Calculate z(-31).
-304
Let f(n) = -4*n**2 - 359*n + 1288. Determine f(-93).
79
Let l(r) = 176*r + 3201. Calculate l(-18).
33
Let u(t) = -2*t + 20. What is u(-44)?
108
Let k(m) = -60*m - 2216. What is k(-35)?
-116
Let q(x) = 62*x + 696. Give q(-11).
14
Let p(b) = 2*b**3 - 200*b**2 - 161*b - 4121. Determine p(101).
20
Let z(m) = -59*m - 6225. Calculate z(-107).
88
Let v(b) = -2*b**3 - 30*b**2 - 5*b - 73. Give v(-15).
2
Let w(s) = -23*s**2 - 157*s + 28. What is w(-7)?
0
Let g(k) = -27*k**2 + 5*k + 5. Calculate g(-2).
-113
Let b(l) = -3*l**2 + 3294*l + 13220. Give b(-4).
-4
Let c(p) = 4*p**3 + 116*p**2 + 54*p + 1560. Calculate c(-29).
-6
Let u(c) = c**2 - 41*c + 466. Give u(17).
58
Let k(z) = 2376*z + 11845. Determine k(-5).
-35
Let s(j) = -7*j**2 - 59*j + 65. Give s(-12).
-235
Let u(l) = -l**3 - 17*l**2 - 16*l + 8. What is u(-9)?
-496
Let o(q) = q**2 - 63*q + 202. Give o(59).
-34
Let d(v) = 4405*v - 17616. What is d(4)?
4
Let b(a) = 34*a - 1349. Calculate b(39).
-23
Let h(o) = o**3 + 24*o**2 + 18*o - 93. Give h(-23).
22
Let x(j) = -j**3 - 6*j**2 + 6*j + 31. Calculate x(-8).
111
Let d(a) = -a**3 + 11*a**2 - 3*a - 27. Calculate d(11).
-60
Let q(d) = 3*d**2 - d - 184. Calculate q(0).
-184
Let k(g) = -g**3 - 19*g**2 + 20*g + 5. What is k(-20)?
5
Let z(m) = -m**3 - 53*m**2 + 292*m + 207. What is z(-58)?
91
Let q(w) = -16*w**2 + 462*w + 51. Give q(29).
-7
Let s(a) = 1070*a - 31041. Calculate s(29).
-11
Let q(d) = -36*d**2 - 362*d - 16. Give q(-10).
4
Let x(r) = -967*r + 15483. What is x(16)?
11
Let d(b) = -2*b**3 - 22*b**2 + 13*b - 36. Calculate d(-12).
96
Let o(p) = p**2 + 62*p + 77. Give o(0).
77
Let t(k) = 31*k + 44. Determine t(-1).
13
Let a(d) = -7*d**2 + 5*d + 37. Calculate a(-4).
-95
Let f(z) = 2*z**2 - 75*z - 3856. Give f(-29).
1
Let z(o) = -39*o - 93. What is z(-2)?
-15
Let c(q) = q**3 - 24*q**2 + 23*q - 46. Determine c(23).
-46
Let j(m) = 96*m - 7302. Determine j(76).
-6
Let r(w) = -w**3 + 163*w**2 - 209*w + 7618. Calculate r(162).
4
Let r(h) = -3006*h + 5958. Calculate r(2).
-54
Let u(p) = 2*p**3 - 26*p**2 + 2*p - 10. Determine u(13).
16
Let c(d) = -951*d - 5710. Calculate c(-6).
-4
Let j(m) = m**3 + 34*m**2 + 168*m - 3. What is j(-28)?
-3
Let i(a) = 2*a**2 - 98*a - 509. Determine i(-5).
31
Let m(a) = -11*a**2 + 10. Give m(2).
-34
Let c(b) = -b**3 - 14*b**2 + b + 11. Calculate c(-10).
-399
Let l(g) = 9*g**3 + 3*g**2 - 25*g - 68. Determine l(-3).
-209
Let i(d) = 188*d**2 - 187*d + 3. Determine i(1).
4
Let p(t) = -36*t + 821. What is p(23)?
-7
Let u(x) = x**3 - 27*x**2 + 79*x - 164. Give u(24).
4
Let y(i) = i**3 - 6*i**2 - 28*i + 115. Give y(8).
19
Let s(n) = -45*n + 276. What is s(6)?
6
Let s(m) = -m - 100. Give s(7).
-107
Let k(p) = 7*p**2 - 89*p + 256. Determine k(8).
-8
Let l(q) = -4506*q - 252337. Calculate l(-56).
-1
Let f(l) = -86*l + 854. Give f(9).
80
Let d(n) = -n**3 - 19*n**2 - 24*n - 97. Give d(-18).
11
Let f(m) = 3*m**2 + 10*m - 19. Give f(0).
-19
Let r(k) = 3*k**2 + 243*k - 3033. Give r(-92).
3
Let a(v) = -25*v**2 + 3*v - 14. Give a(3).
-230
Let u(b) = 5*b**3 - 2*b**2 + 24*b + 36. Determine u(-5).
-759
Let u(s) = s**2 - 36*s + 108. Determine u(32).
-20
Let u(a) = -11*a**2 + 83*a + 7. Give u(7).
49
Let f(k) = -53*k**2 + 583*k - 19. Give f(11).
-19
Let h(l) = 3*l**2 - 167*l - 759. Calculate h(60).
21
Let u(r) = 4*r**3 - 115*r**2 - 54*r + 835. Calculate u(29).
110
Let q(l) = -l**3 - 507*l**2 - 3011*l - 1. Calculate q(-6).
29
Let d(f) = 5*f**3 - 2*f**2 + 2*f - 3. Calculate d(4).
293
Let x(p) = -p**2 - 144*p - 4966. Give x(-89).
-71
Let u(f) = -236*f + 211. Determine u(1).
-25
Let s(p) = -9*p + 147. Calculate s(20).
-33
Let p(q) = -259*q + 382. Calculate p(1).
123
Let k(w) = -2*w**3 + 55*w**2 - 29*w - 90. What is k(27)?
-144
Let f(g) = -g**3 + 3*g - 171. What is f(0)?
-171
Let y(t) = t**2 - 30*t - 52. Give y(28).
-108
Let n(d) = -53*d + 3956. Calculate n(73).
87
Let z(y) = y**3 - 40*y**2 - 139*y + 415. Calculate z(43).
-15
Let k(y) = -3*y**2 + 19*y - 18. Calculate k(12).
-222
Let j(q) = -2*q**2 - 6*q - 189. Calculate j(-9).
-297
Let w(s) = 3*s**3 + 30*s**2 + 21*s - 49. Calculate w(-9).
5
Let m(y) = y**3 - 8*y**2 - 38*y + 263. Calculate m(10).
83
Let v(m) = 2*m - 202. Give v(-17).
-236
Let y(k) = k**3 - 21*k**2 + 100*k + 32. Calculate y(8).
0
Let r(v) = v**3 - 5*v**2 - 5*v + 29. What is r(4)?
-7
Let q(h) = -18*h**2 - 198*h - 6. Give q(-11).
-6
Let m(c) = -2*c**2 + 19*c + 137. What is m(-5)?
-8
Let d(o) = -920*o + 6444. Calculate d(7).
4
Let m(a) = -54*a**2 - 13*a + 40. Give m(-1).
-1
Let s(m) = 19*m - 38. Give s(3).
19
Let h(n) = -3*n**3 - 90*n**2 + 7*n - 15. Determine h(-30).
-225
Let g(h) = -h**3 - 3*h**2 + 11*h - 4. Calculate g(-5).
-9
Let a(k) = 17202*k - 51590. Give a(3).
16
Let g(z) = z**3 - 56*z**2 + 176*z - 943. Determine g(53).
-42
Let k(f) = f**3 - 19*f**2 + 2*f - 35. What is k(19)?
3
Let y(j) = -346*j - 723. Determine y(-2).
-31
Let u(l) = 3*l**3 - 24*l**2 + 4*l - 10. What is u(8)?
22
Let c(s) = -10*s + 831. Give c(79).
41
Let l(q) = -q**3 - 199*q**2 - 589*q - 204. What is l(-196)?
-8
Let k(r) = -9*r**2 - r - 8. What is k(0)?
-8
Let j(m) = 1240*m**2 + 5*m + 3. Calculate j(-1).
1238
Let i(o) = -15*o**2 - 209*o - 196. What is i(-1)?
-2
Let q(b) = 417*b - 12494. Calculate q(30).
16
Let o(s) = s**2 - 1786*s - 12545. Determine o(-7).
6
Let s(x) = -x**3 + 10*x**2 + 12*x - 78. Calculate s(4).
66
Let i(v) = 256*v - 9739. What is i(38)?
-11
Let a(u) = u**2 - 22*u - 1733. Calculate a(54).
-5
Let k(h) = -h**3 - h**2 + 11*h + 9. Give k(6).
-177
Let n(v) = 39*v - 1935. Calculate n(49).
-24
Let q(t) = -102*t - 1538. Give q(-15).
-8
Let h(b) = 6151*b - 30738. Give h(5).
17
Let j(p) = p**2 + 238*p + 13968. Calculate j(-105).
3
Let x(g) = -g**3 + 5*g**2 + 22*g - 90. Determine x(6).
6
Let o(k) = k**2 + 43*k - 1178. Give o(-62).
0
Let b(m) = m**2 - 83*m - 36899. Determine b(-155).
-9
Let i(w) = -6*w**3 + 104*w**2 + 88*w - 16. Calculate i(-1).
6
Let h(u) = 12*u**2 + 226*u - 43. Give h(-19).
-5
Let y(c) = -c**3 + 27*c**2 + 51*c - 648. Determine y(28).
-4
Let l(t) = t**3 + 27*t**2 + 21*t - 84. Determine l(-26).
46
Let z(i) = -36*i + 176. What is z(6)?
-40
Let j(s) = -33*s + 447. What is j(-13)?
876
Let i(a) = a**2 - 176*a + 1179. What is i(169)?
-4
Let n(z) = 2*z**3 + 20*z**2 + 69*z + 677. Give n(-10).
-13
Let j(m) = 20*m**2 - 36*m - 2. Determine j(2).
6
Let s(a) = -a**2 - 5*a + 20. Determine s(-6).
14
Let h(n) = n**3 - 10*n**2 - 53*n - 54. Determine h(14).
-12
Let w(x) = 7*x**2 + 8*x - 89. What is w(7)?
310
Let n(s) = 76*s + 3106. Determine n(-41).
-10
Let r(h) = h**3 + 9*h**2 + 7*h + 20. Determine r(-6).
86
Let n(a) = -4*a**3 + 9*a**2 + 3*a + 5. Calculate n(5).
-255
Let f(a) = -a**2 - 24*a - 141. Determine f(-9).
-6
Let x(h) = -488*h + 1836. Determine x(4).
-116
Let i(b) = -b - 452. Give i(-31).
-421
Let i(z) = -42*z - 109. Give i(0).
-109
Let j(n) = -4*n**2 - 33*n - 44. Determine j(-10).
-114
Let t(g) = 2*g**2 + 21*g + 33. Determine t(-9).
6
Let m(k) = 2*k**3 - 33*k**2 + 58*k - 658. Give m(16).
14
Let t(l) = 30*l + 1331. Give t(-27).
521
Let l(f) = f**3 + 10*f**2 + 4*f + 21. Determine l(-10).
-19
Let p(l) = 2*l**2 + 79*l - 2006. Give p(18).
64
L